517?
4
What is the millions digit of 476216265?
6
What is the tens digit of 42647318?
1
What is the units digit of 135361453?
3
What is the thousands digit of 1512997872?
7
What is the millions digit of 280874174?
0
What is the hundred thousands digit of 294070006?
0
What is the hundred thousands digit of 1775291813?
2
What is the tens digit of 3647276532?
3
What is the ten thousands digit of 2325785034?
8
What is the ten thousands digit of 770165700?
6
What is the thousands digit of 4593760926?
0
What is the thousands digit of 2109032268?
2
What is the ten thousands digit of 382213789?
1
What is the ten thousands digit of 92041788?
4
What is the tens digit of 145082395?
9
What is the hundred millions digit of 223858108?
2
What is the hundred thousands digit of 668414494?
4
What is the hundred thousands digit of 405424980?
4
What is the hundreds digit of 954035032?
0
What is the tens digit of 254708940?
4
What is the ten thousands digit of 443004442?
0
What is the tens digit of 134411469?
6
What is the hundred thousands digit of 4501824?
5
What is the hundreds digit of 56484638?
6
What is the ten thousands digit of 176247704?
4
What is the hundreds digit of 3622853290?
2
What is the ten millions digit of 52809588?
5
What is the ten thousands digit of 784511882?
1
What is the hundreds digit of 7720736?
7
What is the tens digit of 557964046?
4
What is the hundred thousands digit of 1190149160?
1
What is the thousands digit of 68242229?
2
What is the thousands digit of 26241060?
1
What is the hundred thousands digit of 1547549?
5
What is the units digit of 94641816?
6
What is the ten thousands digit of 1865605012?
0
What is the thousands digit of 703639063?
9
What is the tens digit of 549194032?
3
What is the hundreds digit of 49347635?
6
What is the thousands digit of 44535470?
5
What is the hundred thousands digit of 5324368?
3
What is the thousands digit of 191038030?
8
What is the units digit of 229450320?
0
What is the tens digit of 857245261?
6
What is the hundred millions digit of 6234177733?
2
What is the thousands digit of 36993950?
3
What is the millions digit of 116849318?
6
What is the thousands digit of 22632255?
2
What is the units digit of 60175073?
3
What is the units digit of 29241765?
5
What is the millions digit of 43279285?
3
What is the millions digit of 60837637?
0
What is the ten millions digit of 81266088?
8
What is the units digit of 42707286?
6
What is the millions digit of 329413218?
9
What is the thousands digit of 12630735?
0
What is the ten thousands digit of 213429192?
2
What is the ten millions digit of 978770790?
7
What is the units digit of 7027283292?
2
What is the millions digit of 3569800?
3
What is the hundred thousands digit of 165400690?
4
What is the ten millions digit of 80165624?
8
What is the ten millions digit of 305566835?
0
What is the millions digit of 8305731?
8
What is the tens digit of 843843816?
1
What is the units digit of 338114476?
6
What is the ten millions digit of 13754248?
1
What is the tens digit of 6136210?
1
What is the ten thousands digit of 255878037?
7
What is the millions digit of 390186547?
0
What is the thousands digit of 37828956?
8
What is the millions digit of 299965257?
9
What is the ten thousands digit of 58592209?
9
What is the ten millions digit of 50498414?
5
What is the millions digit of 50739510?
0
What is the millions digit of 67483903?
7
What is the hundred thousands digit of 44769363?
7
What is the ten thousands digit of 551887689?
8
What is the hundred thousands digit of 65372056?
3
What is the hundred thousands digit of 1379629902?
6
What is the millions digit of 416586826?
6
What is the hundred thousands digit of 1978445292?
4
What is the units digit of 8827538?
8
What is the ten millions digit of 67769339?
6
What is the hundreds digit of 500948216?
2
What is the billions digit of 6175671657?
6
What is the tens digit of 1792003787?
8
What is the units digit of 31637150?
0
What is the ten millions digit of 292781812?
9
What is the billions digit of 1184770406?
1
What is the tens digit of 2358338651?
5
What is the hundred thousands digit of 77088145?
0
What is the hundred millions digit of 111316879?
1
What is the millions digit of 69966894?
9
What is the ten thousands digit of 1157761975?
6
What is the ten thousands digit of 2078651655?
5
What is the hundreds digit of 2675367243?
2
What is the units digit of 1696143533?
3
What is the billions digit of 2166456927?
2
What is the millions digit of 3218739?
3
What is the millions digit of 3030511?
3
What is the units digit of 1095811482?
2
What is the ten thousands digit of 117684092?
8
What is the hundred millions digit of 398031475?
3
What is the thousands digit of 91716?
1
What is the billions digit of 9407203958?
9
What is the ten thousands digit of 158820677?
2
What is the hundred millions digit of 779213038?
7
What is the ten thousands digit of 1161828449?
2
What is the tens digit of 93567608?
0
What is the hundreds digit of 2290474701?
7
What is the units digit of 25741044?
4
What is the tens digit of 67362958?
5
What is the billions digit of 5724904043?
5
What is the hundreds digit of 825059481?
4
What is the tens digit of 2202136276?
7
What is the billions digit of 1231123080?
1
What is the millions digit of 347552020?
7
What is the millions digit of 1551538783?
1
What is the millions digit of 1650410526?
0
What is the hundreds digit of 7849547007?
0
What is the hundreds digit of 45103979?
9
What is the millions digit of 8859831?
8
What is the hundred millions digit of 227997805?
2
What is the tens digit of 194980550?
5
What is the thousands digit of 31577003?
7
What is the tens digit of 4886986887?
8
What is the thousands digit of 464038206?
8
What is the thousands digit of 48317823?
7
What is the ten thousands digit of 20046147?
4
What is the hundreds digit of 5476165013?
0
What is the millions digit of 19252145?
9
What is the hundred millions digit of 533152848?
5
What is the ten millions digit of 45898298?
4
What is the thousands digit of 2298226?
8
What is the millions digit of 71942276?
1
What is the hundred thousands digit of 52881304?
8
What is the millions digit of 136055382?
6
What is the hundred thousands digit of 35115443?
1
What is the ten thousands digit of 279302421?
0
What is the thousands digit of 961293802?
3
What is the hundreds digit of 634029657?
6
What is the tens digit of 202112337?
3
What is the units digit of 663384022?
2
What is the ten millions digit of 348586298?
4
What is the units digit of 20398335?
5
What is the hundreds digit of 688331319?
3
What is the hundred thousands digit of 90531499?
5
What is the hundred thousands digit of 1258185291?
1
What is the tens digit of 2945522765?
6
What is the tens digit of 67689408?
0
What is the hundred millions digit of 208359534?
2
What is the tens digit of 518324966?
6
What is the thousands digit of 535143330?
3
What is the tens digit of 76208485?
8
What is the ten millions digit of 411796796?
1
What is the ten millions digit of 776307363?
7
What is the hundreds digit of 693019511?
5
What is the thousands digit of 127702979?
2
What is the hundred millions digit of 158725200?
1
What is the thousands digit of 23934087?
4
What is the thousands digit of 11173135?
3
What is the thousands digit of 51458710?
8
What is the units digit of 31637822?
2
What is the hundreds digit of 85847654?
6
What is the ten thousands digit of 1047490752?
9
What is the hundred thousands digit of 384026468?
0
What is the hundreds digit of 33763721?
7
What is the ten millions digit of 25870156?
2
What is the ten thousands digit of 7547257603?
5
What is the tens digit of 208599656?
5
What is the hundred thousands digit of 3945280328?
2
What is the ten thousands digit of 470326?
7
What is the thousands digit of 931824895?
4
What is the hundred millions digit of 1426917161?
4
What is the thousands digit of 41177066?
7
What is the hundreds digit of 1445962380?
3
What is the units digit of 2281982164?
4
What is the thousands digit of 122540452?
0
What is the thousands digit of 2869785837?
5
What is the hundreds digit of 37479887?
8
What is the tens digit of 1869570075?
7
What is the hundreds digit of 3160126486?
4
What is the thousands digit of 34185496?
5
What is the